{"id":4060,"date":"2017-01-10T15:49:37","date_gmt":"2017-01-10T15:49:37","guid":{"rendered":"https:\/\/sutusummit.com\/?post_type=speakers&#038;p=4060"},"modified":"2023-08-22T12:13:55","modified_gmt":"2023-08-22T12:13:55","slug":"carlota-perez-reverte","status":"publish","type":"speakers","link":"https:\/\/sutusummit.com\/es\/speakers\/carlota-perez-reverte\/","title":{"rendered":"Carlota P\u00e9rez-Reverte"},"content":{"rendered":"<p><span style=\"font-weight: 400;\">Carlota P\u00e9rez-Reverte es arque\u00f3loga subacu\u00e1tica y doctora en Arqueolog\u00eda Mar\u00edtima por la Universidad de C\u00e1diz.<\/span><\/p>\n<p><span style=\"font-weight: 400;\">Como historiadora y arque\u00f3loga ha participado en diferentes excavaciones y proyectos de investigaci\u00f3n, aunque se ha dedicado sobre todo al campo de la gesti\u00f3n y la difusi\u00f3n del patrimonio. Ha desarrollado el \u00abTourism Toolkit for European Maritime and Underwater Cultural Heritage\u00bb y en la actualidad trabaja, desde la Universidad de C\u00e1diz, en diferentes propuestas para hacer accesible al p\u00fablico el patrimonio cultural subacu\u00e1tico de la regi\u00f3n.<\/span><\/p>\n<p><span style=\"font-weight: 400;\">La L\u00ednea de Arqueolog\u00eda N\u00e1utica y Subacu\u00e1tica de la Universidad de C\u00e1diz, participa desde 2017 en diversos proyectos nacionales e internacionales dedicados a la investigaci\u00f3n del patrimonio cultural subacu\u00e1tico, como son los Interreg TIDE y CREAMARE, el Erasmus + U-MAR, o el Proyecto HERAKLES, financiado con fondos FEDER.\u00a0 Todos estos proyectos llevan aparejado un programa de difusi\u00f3n que pretende acercar el patrimonio cultural subacu\u00e1tico a la sociedad a trav\u00e9s de diversas herramientas como la creaci\u00f3n de un parque arqueol\u00f3gico subacu\u00e1tico con precios visitables, el desarrollo de experiencias inmersivas basadas en realidad virtual y realidad aumentada, o la colaboraci\u00f3n con diferentes instituciones y empresas para el desarrollo de productos tur\u00edsticos responsables y sostenibles vinculados a este patrimonio. <\/span><\/p>\n","protected":false},"featured_media":4059,"template":"","edition":[137,142],"class_list":["post-4060","speakers","type-speakers","status-publish","has-post-thumbnail","hentry","edition-2021-es","edition-2022-es"],"acf":[],"yoast_head":"<!-- This site is optimized with the Yoast SEO plugin v27.5 - https:\/\/yoast.com\/product\/yoast-seo-wordpress\/ -->\n<title>Carlota P\u00e9rez-Reverte - SUTUS<\/title>\n<meta name=\"description\" content=\"Carlota P\u00e9rez-Reverte es historiadora, arque\u00f3loga subacu\u00e1tica y doctora en Arqueolog\u00eda Mar\u00edtima por la Universidad de C\u00e1diz.\" \/>\n<meta name=\"robots\" content=\"index, follow, max-snippet:-1, max-image-preview:large, max-video-preview:-1\" \/>\n<link rel=\"canonical\" href=\"https:\/\/sutusummit.com\/es\/speakers\/carlota-perez-reverte\/\" \/>\n<meta property=\"og:locale\" content=\"es_ES\" \/>\n<meta property=\"og:type\" content=\"article\" \/>\n<meta property=\"og:title\" content=\"Carlota P\u00e9rez-Reverte - SUTUS\" \/>\n<meta property=\"og:description\" content=\"Carlota P\u00e9rez-Reverte es historiadora, arque\u00f3loga subacu\u00e1tica y doctora en Arqueolog\u00eda Mar\u00edtima por la Universidad de C\u00e1diz.\" \/>\n<meta property=\"og:url\" content=\"https:\/\/sutusummit.com\/es\/speakers\/carlota-perez-reverte\/\" \/>\n<meta property=\"og:site_name\" content=\"SUTUS\" \/>\n<meta property=\"article:modified_time\" content=\"2023-08-22T12:13:55+00:00\" \/>\n<meta property=\"og:image\" content=\"https:\/\/sutusummit.com\/web\/wp-content\/uploads\/2019\/02\/carlota-perez-reverte.jpg\" \/>\n\t<meta property=\"og:image:width\" content=\"500\" \/>\n\t<meta property=\"og:image:height\" content=\"450\" \/>\n\t<meta property=\"og:image:type\" content=\"image\/jpeg\" \/>\n<meta name=\"twitter:card\" content=\"summary_large_image\" \/>\n<meta name=\"twitter:label1\" content=\"Tiempo de lectura\" \/>\n\t<meta name=\"twitter:data1\" content=\"1 minuto\" \/>\n<script type=\"application\/ld+json\" class=\"yoast-schema-graph\">{\"@context\":\"https:\\\/\\\/schema.org\",\"@graph\":[{\"@type\":\"WebPage\",\"@id\":\"https:\\\/\\\/sutusummit.com\\\/es\\\/speakers\\\/carlota-perez-reverte\\\/\",\"url\":\"https:\\\/\\\/sutusummit.com\\\/es\\\/speakers\\\/carlota-perez-reverte\\\/\",\"name\":\"Carlota P\u00e9rez-Reverte - SUTUS\",\"isPartOf\":{\"@id\":\"https:\\\/\\\/sutusummit.com\\\/#website\"},\"primaryImageOfPage\":{\"@id\":\"https:\\\/\\\/sutusummit.com\\\/es\\\/speakers\\\/carlota-perez-reverte\\\/#primaryimage\"},\"image\":{\"@id\":\"https:\\\/\\\/sutusummit.com\\\/es\\\/speakers\\\/carlota-perez-reverte\\\/#primaryimage\"},\"thumbnailUrl\":\"https:\\\/\\\/sutusummit.com\\\/web\\\/wp-content\\\/uploads\\\/2019\\\/02\\\/carlota-perez-reverte.jpg\",\"datePublished\":\"2017-01-10T15:49:37+00:00\",\"dateModified\":\"2023-08-22T12:13:55+00:00\",\"description\":\"Carlota P\u00e9rez-Reverte es historiadora, arque\u00f3loga subacu\u00e1tica y doctora en Arqueolog\u00eda Mar\u00edtima por la Universidad de C\u00e1diz.\",\"breadcrumb\":{\"@id\":\"https:\\\/\\\/sutusummit.com\\\/es\\\/speakers\\\/carlota-perez-reverte\\\/#breadcrumb\"},\"inLanguage\":\"es\",\"potentialAction\":[{\"@type\":\"ReadAction\",\"target\":[\"https:\\\/\\\/sutusummit.com\\\/es\\\/speakers\\\/carlota-perez-reverte\\\/\"]}]},{\"@type\":\"ImageObject\",\"inLanguage\":\"es\",\"@id\":\"https:\\\/\\\/sutusummit.com\\\/es\\\/speakers\\\/carlota-perez-reverte\\\/#primaryimage\",\"url\":\"https:\\\/\\\/sutusummit.com\\\/web\\\/wp-content\\\/uploads\\\/2019\\\/02\\\/carlota-perez-reverte.jpg\",\"contentUrl\":\"https:\\\/\\\/sutusummit.com\\\/web\\\/wp-content\\\/uploads\\\/2019\\\/02\\\/carlota-perez-reverte.jpg\",\"width\":500,\"height\":450},{\"@type\":\"BreadcrumbList\",\"@id\":\"https:\\\/\\\/sutusummit.com\\\/es\\\/speakers\\\/carlota-perez-reverte\\\/#breadcrumb\",\"itemListElement\":[{\"@type\":\"ListItem\",\"position\":1,\"name\":\"Portada\",\"item\":\"https:\\\/\\\/sutusummit.com\\\/es\\\/\"},{\"@type\":\"ListItem\",\"position\":2,\"name\":\"Carlota P\u00e9rez-Reverte\"}]},{\"@type\":\"WebSite\",\"@id\":\"https:\\\/\\\/sutusummit.com\\\/#website\",\"url\":\"https:\\\/\\\/sutusummit.com\\\/\",\"name\":\"SUTUS\",\"description\":\"Space &amp; Underwater Tourism Universal Summit\",\"publisher\":{\"@id\":\"https:\\\/\\\/sutusummit.com\\\/#organization\"},\"potentialAction\":[{\"@type\":\"SearchAction\",\"target\":{\"@type\":\"EntryPoint\",\"urlTemplate\":\"https:\\\/\\\/sutusummit.com\\\/?s={search_term_string}\"},\"query-input\":{\"@type\":\"PropertyValueSpecification\",\"valueRequired\":true,\"valueName\":\"search_term_string\"}}],\"inLanguage\":\"es\"},{\"@type\":\"Organization\",\"@id\":\"https:\\\/\\\/sutusummit.com\\\/#organization\",\"name\":\"SUTUS\",\"url\":\"https:\\\/\\\/sutusummit.com\\\/\",\"logo\":{\"@type\":\"ImageObject\",\"inLanguage\":\"es\",\"@id\":\"https:\\\/\\\/sutusummit.com\\\/#\\\/schema\\\/logo\\\/image\\\/\",\"url\":\"https:\\\/\\\/sutusummit.com\\\/web\\\/wp-content\\\/uploads\\\/2019\\\/01\\\/sutuscolor.png\",\"contentUrl\":\"https:\\\/\\\/sutusummit.com\\\/web\\\/wp-content\\\/uploads\\\/2019\\\/01\\\/sutuscolor.png\",\"width\":268,\"height\":85,\"caption\":\"SUTUS\"},\"image\":{\"@id\":\"https:\\\/\\\/sutusummit.com\\\/#\\\/schema\\\/logo\\\/image\\\/\"}}]}<\/script>\n<!-- \/ Yoast SEO plugin. -->","yoast_head_json":{"title":"Carlota P\u00e9rez-Reverte - SUTUS","description":"Carlota P\u00e9rez-Reverte es historiadora, arque\u00f3loga subacu\u00e1tica y doctora en Arqueolog\u00eda Mar\u00edtima por la Universidad de C\u00e1diz.","robots":{"index":"index","follow":"follow","max-snippet":"max-snippet:-1","max-image-preview":"max-image-preview:large","max-video-preview":"max-video-preview:-1"},"canonical":"https:\/\/sutusummit.com\/es\/speakers\/carlota-perez-reverte\/","og_locale":"es_ES","og_type":"article","og_title":"Carlota P\u00e9rez-Reverte - SUTUS","og_description":"Carlota P\u00e9rez-Reverte es historiadora, arque\u00f3loga subacu\u00e1tica y doctora en Arqueolog\u00eda Mar\u00edtima por la Universidad de C\u00e1diz.","og_url":"https:\/\/sutusummit.com\/es\/speakers\/carlota-perez-reverte\/","og_site_name":"SUTUS","article_modified_time":"2023-08-22T12:13:55+00:00","og_image":[{"width":500,"height":450,"url":"https:\/\/sutusummit.com\/web\/wp-content\/uploads\/2019\/02\/carlota-perez-reverte.jpg","type":"image\/jpeg"}],"twitter_card":"summary_large_image","twitter_misc":{"Tiempo de lectura":"1 minuto"},"schema":{"@context":"https:\/\/schema.org","@graph":[{"@type":"WebPage","@id":"https:\/\/sutusummit.com\/es\/speakers\/carlota-perez-reverte\/","url":"https:\/\/sutusummit.com\/es\/speakers\/carlota-perez-reverte\/","name":"Carlota P\u00e9rez-Reverte - SUTUS","isPartOf":{"@id":"https:\/\/sutusummit.com\/#website"},"primaryImageOfPage":{"@id":"https:\/\/sutusummit.com\/es\/speakers\/carlota-perez-reverte\/#primaryimage"},"image":{"@id":"https:\/\/sutusummit.com\/es\/speakers\/carlota-perez-reverte\/#primaryimage"},"thumbnailUrl":"https:\/\/sutusummit.com\/web\/wp-content\/uploads\/2019\/02\/carlota-perez-reverte.jpg","datePublished":"2017-01-10T15:49:37+00:00","dateModified":"2023-08-22T12:13:55+00:00","description":"Carlota P\u00e9rez-Reverte es historiadora, arque\u00f3loga subacu\u00e1tica y doctora en Arqueolog\u00eda Mar\u00edtima por la Universidad de C\u00e1diz.","breadcrumb":{"@id":"https:\/\/sutusummit.com\/es\/speakers\/carlota-perez-reverte\/#breadcrumb"},"inLanguage":"es","potentialAction":[{"@type":"ReadAction","target":["https:\/\/sutusummit.com\/es\/speakers\/carlota-perez-reverte\/"]}]},{"@type":"ImageObject","inLanguage":"es","@id":"https:\/\/sutusummit.com\/es\/speakers\/carlota-perez-reverte\/#primaryimage","url":"https:\/\/sutusummit.com\/web\/wp-content\/uploads\/2019\/02\/carlota-perez-reverte.jpg","contentUrl":"https:\/\/sutusummit.com\/web\/wp-content\/uploads\/2019\/02\/carlota-perez-reverte.jpg","width":500,"height":450},{"@type":"BreadcrumbList","@id":"https:\/\/sutusummit.com\/es\/speakers\/carlota-perez-reverte\/#breadcrumb","itemListElement":[{"@type":"ListItem","position":1,"name":"Portada","item":"https:\/\/sutusummit.com\/es\/"},{"@type":"ListItem","position":2,"name":"Carlota P\u00e9rez-Reverte"}]},{"@type":"WebSite","@id":"https:\/\/sutusummit.com\/#website","url":"https:\/\/sutusummit.com\/","name":"SUTUS","description":"Space &amp; Underwater Tourism Universal Summit","publisher":{"@id":"https:\/\/sutusummit.com\/#organization"},"potentialAction":[{"@type":"SearchAction","target":{"@type":"EntryPoint","urlTemplate":"https:\/\/sutusummit.com\/?s={search_term_string}"},"query-input":{"@type":"PropertyValueSpecification","valueRequired":true,"valueName":"search_term_string"}}],"inLanguage":"es"},{"@type":"Organization","@id":"https:\/\/sutusummit.com\/#organization","name":"SUTUS","url":"https:\/\/sutusummit.com\/","logo":{"@type":"ImageObject","inLanguage":"es","@id":"https:\/\/sutusummit.com\/#\/schema\/logo\/image\/","url":"https:\/\/sutusummit.com\/web\/wp-content\/uploads\/2019\/01\/sutuscolor.png","contentUrl":"https:\/\/sutusummit.com\/web\/wp-content\/uploads\/2019\/01\/sutuscolor.png","width":268,"height":85,"caption":"SUTUS"},"image":{"@id":"https:\/\/sutusummit.com\/#\/schema\/logo\/image\/"}}]}},"_links":{"self":[{"href":"https:\/\/sutusummit.com\/es\/wp-json\/wp\/v2\/speakers\/4060","targetHints":{"allow":["GET"]}}],"collection":[{"href":"https:\/\/sutusummit.com\/es\/wp-json\/wp\/v2\/speakers"}],"about":[{"href":"https:\/\/sutusummit.com\/es\/wp-json\/wp\/v2\/types\/speakers"}],"wp:featuredmedia":[{"embeddable":true,"href":"https:\/\/sutusummit.com\/es\/wp-json\/wp\/v2\/media\/4059"}],"wp:attachment":[{"href":"https:\/\/sutusummit.com\/es\/wp-json\/wp\/v2\/media?parent=4060"}],"wp:term":[{"taxonomy":"edition","embeddable":true,"href":"https:\/\/sutusummit.com\/es\/wp-json\/wp\/v2\/edition?post=4060"}],"curies":[{"name":"wp","href":"https:\/\/api.w.org\/{rel}","templated":true}]}}

Carlota Pérez-Reverte

<p><span style="font-weight: 400;">Carlota Pérez-Reverte es arqueóloga subacuática y doctora en Arqueología Marítima por la Universidad de Cádiz.</span></p>
<p><span style="font-weight: 400;">Como historiadora y arqueóloga ha participado en diferentes excavaciones y proyectos de investigación, aunque se ha dedicado sobre todo al campo de la gestión y la difusión del patrimonio. Ha desarrollado el «Tourism Toolkit for European Maritime and Underwater Cultural Heritage» y en la actualidad trabaja, desde la Universidad de Cádiz, en diferentes propuestas para hacer accesible al público el patrimonio cultural subacuático de la región.</span></p>
<p><span style="font-weight: 400;">La Línea de Arqueología Náutica y Subacuática de la Universidad de Cádiz, participa desde 2017 en diversos proyectos nacionales e internacionales dedicados a la investigación del patrimonio cultural subacuático, como son los Interreg TIDE y CREAMARE, el Erasmus + U-MAR, o el Proyecto HERAKLES, financiado con fondos FEDER.  Todos estos proyectos llevan aparejado un programa de difusión que pretende acercar el patrimonio cultural subacuático a la sociedad a través de diversas herramientas como la creación de un parque arqueológico subacuático con precios visitables, el desarrollo de experiencias inmersivas basadas en realidad virtual y realidad aumentada, o la colaboración con diferentes instituciones y empresas para el desarrollo de productos turísticos responsables y sostenibles vinculados a este patrimonio. </span></p>

<!-- This site is optimized with the Yoast SEO plugin v27.5 - https://yoast.com/product/yoast-seo-wordpress/ -->
<title>Carlota Pérez-Reverte - SUTUS</title>
<meta name="description" content="Carlota Pérez-Reverte es historiadora, arqueóloga subacuática y doctora en Arqueología Marítima por la Universidad de Cádiz." />
<meta name="robots" content="index, follow, max-snippet:-1, max-image-preview:large, max-video-preview:-1" />
<link rel="canonical" href="https://sutusummit.com/es/speakers/carlota-perez-reverte/" />
<meta property="og:locale" content="es_ES" />
<meta property="og:type" content="article" />
<meta property="og:title" content="Carlota Pérez-Reverte - SUTUS" />
<meta property="og:description" content="Carlota Pérez-Reverte es historiadora, arqueóloga subacuática y doctora en Arqueología Marítima por la Universidad de Cádiz." />
<meta property="og:url" content="https://sutusummit.com/es/speakers/carlota-perez-reverte/" />
<meta property="og:site_name" content="SUTUS" />
<meta property="article:modified_time" content="2023-08-22T12:13:55+00:00" />
<meta property="og:image" content="https://sutusummit.com/web/wp-content/uploads/2019/02/carlota-perez-reverte.jpg" />
	<meta property="og:image:width" content="500" />
	<meta property="og:image:height" content="450" />
	<meta property="og:image:type" content="image/jpeg" />
<meta name="twitter:card" content="summary_large_image" />
<meta name="twitter:label1" content="Tiempo de lectura" />
	<meta name="twitter:data1" content="1 minuto" />
<script type="application/ld+json" class="yoast-schema-graph">{"@context":"https:\/\/schema.org","@graph":[{"@type":"WebPage","@id":"https:\/\/sutusummit.com\/es\/speakers\/carlota-perez-reverte\/","url":"https:\/\/sutusummit.com\/es\/speakers\/carlota-perez-reverte\/","name":"Carlota Pérez-Reverte - SUTUS","isPartOf":{"@id":"https:\/\/sutusummit.com\/#website"},"primaryImageOfPage":{"@id":"https:\/\/sutusummit.com\/es\/speakers\/carlota-perez-reverte\/#primaryimage"},"image":{"@id":"https:\/\/sutusummit.com\/es\/speakers\/carlota-perez-reverte\/#primaryimage"},"thumbnailUrl":"https:\/\/sutusummit.com\/web\/wp-content\/uploads\/2019\/02\/carlota-perez-reverte.jpg","datePublished":"2017-01-10T15:49:37+00:00","dateModified":"2023-08-22T12:13:55+00:00","description":"Carlota Pérez-Reverte es historiadora, arqueóloga subacuática y doctora en Arqueología Marítima por la Universidad de Cádiz.","breadcrumb":{"@id":"https:\/\/sutusummit.com\/es\/speakers\/carlota-perez-reverte\/#breadcrumb"},"inLanguage":"es","potentialAction":[{"@type":"ReadAction","target":["https:\/\/sutusummit.com\/es\/speakers\/carlota-perez-reverte\/"]}]},{"@type":"ImageObject","inLanguage":"es","@id":"https:\/\/sutusummit.com\/es\/speakers\/carlota-perez-reverte\/#primaryimage","url":"https:\/\/sutusummit.com\/web\/wp-content\/uploads\/2019\/02\/carlota-perez-reverte.jpg","contentUrl":"https:\/\/sutusummit.com\/web\/wp-content\/uploads\/2019\/02\/carlota-perez-reverte.jpg","width":500,"height":450},{"@type":"BreadcrumbList","@id":"https:\/\/sutusummit.com\/es\/speakers\/carlota-perez-reverte\/#breadcrumb","itemListElement":[{"@type":"ListItem","position":1,"name":"Portada","item":"https:\/\/sutusummit.com\/es\/"},{"@type":"ListItem","position":2,"name":"Carlota Pérez-Reverte"}]},{"@type":"WebSite","@id":"https:\/\/sutusummit.com\/#website","url":"https:\/\/sutusummit.com\/","name":"SUTUS","description":"Space &amp; Underwater Tourism Universal Summit","publisher":{"@id":"https:\/\/sutusummit.com\/#organization"},"potentialAction":[{"@type":"SearchAction","target":{"@type":"EntryPoint","urlTemplate":"https:\/\/sutusummit.com\/?s={search_term_string}"},"query-input":{"@type":"PropertyValueSpecification","valueRequired":true,"valueName":"search_term_string"}}],"inLanguage":"es"},{"@type":"Organization","@id":"https:\/\/sutusummit.com\/#organization","name":"SUTUS","url":"https:\/\/sutusummit.com\/","logo":{"@type":"ImageObject","inLanguage":"es","@id":"https:\/\/sutusummit.com\/#\/schema\/logo\/image\/","url":"https:\/\/sutusummit.com\/web\/wp-content\/uploads\/2019\/01\/sutuscolor.png","contentUrl":"https:\/\/sutusummit.com\/web\/wp-content\/uploads\/2019\/01\/sutuscolor.png","width":268,"height":85,"caption":"SUTUS"},"image":{"@id":"https:\/\/sutusummit.com\/#\/schema\/logo\/image\/"}}]}</script>
<!-- / Yoast SEO plugin. -->

Carlota Pérez-Reverte - SUTUS

Carlota Pérez-Reverte es historiadora, arqueóloga subacuática y doctora en Arqueología Marítima por la Universidad de Cádiz.
