{"id":6775,"date":"2022-06-30T15:08:37","date_gmt":"2022-06-30T15:08:37","guid":{"rendered":"https:\/\/sutusummit.com\/web\/speakers\/carmen-garcia-roger\/"},"modified":"2022-07-04T15:10:44","modified_gmt":"2022-07-04T15:10:44","slug":"carmen-garcia-roger","status":"publish","type":"speakers","link":"https:\/\/sutusummit.com\/es\/speakers\/carmen-garcia-roger\/","title":{"rendered":"CARMEN GARC\u00cdA ROGER"},"content":{"rendered":"<p><span style=\"font-weight: 400;\">Carmen Garc\u00eda Roger (Valencia 1975) es licenciada en Ciencias Matem\u00e1ticas por la Universidad Complutense de Madrid, en la especialidad de Astronom\u00eda Mec\u00e1nica Celeste y Geodesia. Accedi\u00f3 por oposici\u00f3n al Cuerpo Superior de Sistemas y Tecnolog\u00edas de la Administraci\u00f3n de la Seguridad Social ingresando con el n\u00famero 1 de oposici\u00f3n. Posee el Executive Master en Gesti\u00f3n P\u00fablica por el IE Business School, y particip\u00f3 en la Universidad de Harvard en el Creating Public Value. Como puede observarse, aunque su formaci\u00f3n acad\u00e9mica es eminentemente t\u00e9cnica, siempre ha sentido una gran inclinaci\u00f3n por la Filosof\u00eda y Literatura, tanto espa\u00f1ola como inglesa. Compagina su actividad como escritora con su actividad profesional, como funcionaria directiva de las tecnolog\u00edas de la informaci\u00f3n y las comunicaciones en el sector p\u00fablico. Ejerce como Subdirectora en el Ministerio de Hacienda y Funci\u00f3n P\u00fablica, y es especialista en innovaci\u00f3n y transformaci\u00f3n digital. Fue seleccionada entre 23,500 aspirantes, por la Agencia Espacial Europea, para formarse como posible astronauta con discapacidad y cumplir uno de sus grandes sue\u00f1os, viajar al espacio. Ha publicado el libro Fuerte, que se entere el mundo. C\u00f3mo vivir con dolor cr\u00f3nico&#8230;\u00a1Y vivir feliz! y su \u00faltima novela Yo deseo, yo olvido. A ra\u00edz de sus libros, descubri\u00f3 su pasi\u00f3n por escribir.<\/span><\/p>\n","protected":false},"featured_media":6774,"template":"","edition":[142],"class_list":["post-6775","speakers","type-speakers","status-publish","has-post-thumbnail","hentry","edition-2022-es"],"acf":[],"yoast_head":"<!-- This site is optimized with the Yoast SEO plugin v27.5 - https:\/\/yoast.com\/product\/yoast-seo-wordpress\/ -->\n<title>CARMEN GARC\u00cdA ROGER - SUTUS<\/title>\n<meta name=\"description\" content=\"CARMEN GARC\u00cdA ROGER, Subdirectora de Estad\u00edstica de Servicios de la Inspecci\u00f3n General de Econom\u00eda y Hacienda del Ministerio de Hacienda y Funci\u00f3n P\u00fablica.\" \/>\n<meta name=\"robots\" content=\"index, follow, max-snippet:-1, max-image-preview:large, max-video-preview:-1\" \/>\n<link rel=\"canonical\" href=\"https:\/\/sutusummit.com\/es\/speakers\/carmen-garcia-roger\/\" \/>\n<meta property=\"og:locale\" content=\"es_ES\" \/>\n<meta property=\"og:type\" content=\"article\" \/>\n<meta property=\"og:title\" content=\"CARMEN GARC\u00cdA ROGER - SUTUS\" \/>\n<meta property=\"og:description\" content=\"CARMEN GARC\u00cdA ROGER, Subdirectora de Estad\u00edstica de Servicios de la Inspecci\u00f3n General de Econom\u00eda y Hacienda del Ministerio de Hacienda y Funci\u00f3n P\u00fablica.\" \/>\n<meta property=\"og:url\" content=\"https:\/\/sutusummit.com\/es\/speakers\/carmen-garcia-roger\/\" \/>\n<meta property=\"og:site_name\" content=\"SUTUS\" \/>\n<meta property=\"article:modified_time\" content=\"2022-07-04T15:10:44+00:00\" \/>\n<meta property=\"og:image\" content=\"https:\/\/sutusummit.com\/web\/wp-content\/uploads\/2022\/06\/Diseno-sin-titulo-7.jpg\" \/>\n\t<meta property=\"og:image:width\" content=\"321\" \/>\n\t<meta property=\"og:image:height\" content=\"398\" \/>\n\t<meta property=\"og:image:type\" content=\"image\/jpeg\" \/>\n<meta name=\"twitter:card\" content=\"summary_large_image\" \/>\n<meta name=\"twitter:label1\" content=\"Tiempo de lectura\" \/>\n\t<meta name=\"twitter:data1\" content=\"1 minuto\" \/>\n<script type=\"application\/ld+json\" class=\"yoast-schema-graph\">{\"@context\":\"https:\\\/\\\/schema.org\",\"@graph\":[{\"@type\":\"WebPage\",\"@id\":\"https:\\\/\\\/sutusummit.com\\\/es\\\/speakers\\\/carmen-garcia-roger\\\/\",\"url\":\"https:\\\/\\\/sutusummit.com\\\/es\\\/speakers\\\/carmen-garcia-roger\\\/\",\"name\":\"CARMEN GARC\u00cdA ROGER - SUTUS\",\"isPartOf\":{\"@id\":\"https:\\\/\\\/sutusummit.com\\\/#website\"},\"primaryImageOfPage\":{\"@id\":\"https:\\\/\\\/sutusummit.com\\\/es\\\/speakers\\\/carmen-garcia-roger\\\/#primaryimage\"},\"image\":{\"@id\":\"https:\\\/\\\/sutusummit.com\\\/es\\\/speakers\\\/carmen-garcia-roger\\\/#primaryimage\"},\"thumbnailUrl\":\"https:\\\/\\\/sutusummit.com\\\/web\\\/wp-content\\\/uploads\\\/2022\\\/06\\\/Diseno-sin-titulo-7.jpg\",\"datePublished\":\"2022-06-30T15:08:37+00:00\",\"dateModified\":\"2022-07-04T15:10:44+00:00\",\"description\":\"CARMEN GARC\u00cdA ROGER, Subdirectora de Estad\u00edstica de Servicios de la Inspecci\u00f3n General de Econom\u00eda y Hacienda del Ministerio de Hacienda y Funci\u00f3n P\u00fablica.\",\"breadcrumb\":{\"@id\":\"https:\\\/\\\/sutusummit.com\\\/es\\\/speakers\\\/carmen-garcia-roger\\\/#breadcrumb\"},\"inLanguage\":\"es\",\"potentialAction\":[{\"@type\":\"ReadAction\",\"target\":[\"https:\\\/\\\/sutusummit.com\\\/es\\\/speakers\\\/carmen-garcia-roger\\\/\"]}]},{\"@type\":\"ImageObject\",\"inLanguage\":\"es\",\"@id\":\"https:\\\/\\\/sutusummit.com\\\/es\\\/speakers\\\/carmen-garcia-roger\\\/#primaryimage\",\"url\":\"https:\\\/\\\/sutusummit.com\\\/web\\\/wp-content\\\/uploads\\\/2022\\\/06\\\/Diseno-sin-titulo-7.jpg\",\"contentUrl\":\"https:\\\/\\\/sutusummit.com\\\/web\\\/wp-content\\\/uploads\\\/2022\\\/06\\\/Diseno-sin-titulo-7.jpg\",\"width\":321,\"height\":398},{\"@type\":\"BreadcrumbList\",\"@id\":\"https:\\\/\\\/sutusummit.com\\\/es\\\/speakers\\\/carmen-garcia-roger\\\/#breadcrumb\",\"itemListElement\":[{\"@type\":\"ListItem\",\"position\":1,\"name\":\"Portada\",\"item\":\"https:\\\/\\\/sutusummit.com\\\/es\\\/\"},{\"@type\":\"ListItem\",\"position\":2,\"name\":\"CARMEN GARC\u00cdA ROGER\"}]},{\"@type\":\"WebSite\",\"@id\":\"https:\\\/\\\/sutusummit.com\\\/#website\",\"url\":\"https:\\\/\\\/sutusummit.com\\\/\",\"name\":\"SUTUS\",\"description\":\"Space &amp; Underwater Tourism Universal Summit\",\"publisher\":{\"@id\":\"https:\\\/\\\/sutusummit.com\\\/#organization\"},\"potentialAction\":[{\"@type\":\"SearchAction\",\"target\":{\"@type\":\"EntryPoint\",\"urlTemplate\":\"https:\\\/\\\/sutusummit.com\\\/?s={search_term_string}\"},\"query-input\":{\"@type\":\"PropertyValueSpecification\",\"valueRequired\":true,\"valueName\":\"search_term_string\"}}],\"inLanguage\":\"es\"},{\"@type\":\"Organization\",\"@id\":\"https:\\\/\\\/sutusummit.com\\\/#organization\",\"name\":\"SUTUS\",\"url\":\"https:\\\/\\\/sutusummit.com\\\/\",\"logo\":{\"@type\":\"ImageObject\",\"inLanguage\":\"es\",\"@id\":\"https:\\\/\\\/sutusummit.com\\\/#\\\/schema\\\/logo\\\/image\\\/\",\"url\":\"https:\\\/\\\/sutusummit.com\\\/web\\\/wp-content\\\/uploads\\\/2019\\\/01\\\/sutuscolor.png\",\"contentUrl\":\"https:\\\/\\\/sutusummit.com\\\/web\\\/wp-content\\\/uploads\\\/2019\\\/01\\\/sutuscolor.png\",\"width\":268,\"height\":85,\"caption\":\"SUTUS\"},\"image\":{\"@id\":\"https:\\\/\\\/sutusummit.com\\\/#\\\/schema\\\/logo\\\/image\\\/\"}}]}<\/script>\n<!-- \/ Yoast SEO plugin. -->","yoast_head_json":{"title":"CARMEN GARC\u00cdA ROGER - SUTUS","description":"CARMEN GARC\u00cdA ROGER, Subdirectora de Estad\u00edstica de Servicios de la Inspecci\u00f3n General de Econom\u00eda y Hacienda del Ministerio de Hacienda y Funci\u00f3n P\u00fablica.","robots":{"index":"index","follow":"follow","max-snippet":"max-snippet:-1","max-image-preview":"max-image-preview:large","max-video-preview":"max-video-preview:-1"},"canonical":"https:\/\/sutusummit.com\/es\/speakers\/carmen-garcia-roger\/","og_locale":"es_ES","og_type":"article","og_title":"CARMEN GARC\u00cdA ROGER - SUTUS","og_description":"CARMEN GARC\u00cdA ROGER, Subdirectora de Estad\u00edstica de Servicios de la Inspecci\u00f3n General de Econom\u00eda y Hacienda del Ministerio de Hacienda y Funci\u00f3n P\u00fablica.","og_url":"https:\/\/sutusummit.com\/es\/speakers\/carmen-garcia-roger\/","og_site_name":"SUTUS","article_modified_time":"2022-07-04T15:10:44+00:00","og_image":[{"width":321,"height":398,"url":"https:\/\/sutusummit.com\/web\/wp-content\/uploads\/2022\/06\/Diseno-sin-titulo-7.jpg","type":"image\/jpeg"}],"twitter_card":"summary_large_image","twitter_misc":{"Tiempo de lectura":"1 minuto"},"schema":{"@context":"https:\/\/schema.org","@graph":[{"@type":"WebPage","@id":"https:\/\/sutusummit.com\/es\/speakers\/carmen-garcia-roger\/","url":"https:\/\/sutusummit.com\/es\/speakers\/carmen-garcia-roger\/","name":"CARMEN GARC\u00cdA ROGER - SUTUS","isPartOf":{"@id":"https:\/\/sutusummit.com\/#website"},"primaryImageOfPage":{"@id":"https:\/\/sutusummit.com\/es\/speakers\/carmen-garcia-roger\/#primaryimage"},"image":{"@id":"https:\/\/sutusummit.com\/es\/speakers\/carmen-garcia-roger\/#primaryimage"},"thumbnailUrl":"https:\/\/sutusummit.com\/web\/wp-content\/uploads\/2022\/06\/Diseno-sin-titulo-7.jpg","datePublished":"2022-06-30T15:08:37+00:00","dateModified":"2022-07-04T15:10:44+00:00","description":"CARMEN GARC\u00cdA ROGER, Subdirectora de Estad\u00edstica de Servicios de la Inspecci\u00f3n General de Econom\u00eda y Hacienda del Ministerio de Hacienda y Funci\u00f3n P\u00fablica.","breadcrumb":{"@id":"https:\/\/sutusummit.com\/es\/speakers\/carmen-garcia-roger\/#breadcrumb"},"inLanguage":"es","potentialAction":[{"@type":"ReadAction","target":["https:\/\/sutusummit.com\/es\/speakers\/carmen-garcia-roger\/"]}]},{"@type":"ImageObject","inLanguage":"es","@id":"https:\/\/sutusummit.com\/es\/speakers\/carmen-garcia-roger\/#primaryimage","url":"https:\/\/sutusummit.com\/web\/wp-content\/uploads\/2022\/06\/Diseno-sin-titulo-7.jpg","contentUrl":"https:\/\/sutusummit.com\/web\/wp-content\/uploads\/2022\/06\/Diseno-sin-titulo-7.jpg","width":321,"height":398},{"@type":"BreadcrumbList","@id":"https:\/\/sutusummit.com\/es\/speakers\/carmen-garcia-roger\/#breadcrumb","itemListElement":[{"@type":"ListItem","position":1,"name":"Portada","item":"https:\/\/sutusummit.com\/es\/"},{"@type":"ListItem","position":2,"name":"CARMEN GARC\u00cdA ROGER"}]},{"@type":"WebSite","@id":"https:\/\/sutusummit.com\/#website","url":"https:\/\/sutusummit.com\/","name":"SUTUS","description":"Space &amp; Underwater Tourism Universal Summit","publisher":{"@id":"https:\/\/sutusummit.com\/#organization"},"potentialAction":[{"@type":"SearchAction","target":{"@type":"EntryPoint","urlTemplate":"https:\/\/sutusummit.com\/?s={search_term_string}"},"query-input":{"@type":"PropertyValueSpecification","valueRequired":true,"valueName":"search_term_string"}}],"inLanguage":"es"},{"@type":"Organization","@id":"https:\/\/sutusummit.com\/#organization","name":"SUTUS","url":"https:\/\/sutusummit.com\/","logo":{"@type":"ImageObject","inLanguage":"es","@id":"https:\/\/sutusummit.com\/#\/schema\/logo\/image\/","url":"https:\/\/sutusummit.com\/web\/wp-content\/uploads\/2019\/01\/sutuscolor.png","contentUrl":"https:\/\/sutusummit.com\/web\/wp-content\/uploads\/2019\/01\/sutuscolor.png","width":268,"height":85,"caption":"SUTUS"},"image":{"@id":"https:\/\/sutusummit.com\/#\/schema\/logo\/image\/"}}]}},"_links":{"self":[{"href":"https:\/\/sutusummit.com\/es\/wp-json\/wp\/v2\/speakers\/6775","targetHints":{"allow":["GET"]}}],"collection":[{"href":"https:\/\/sutusummit.com\/es\/wp-json\/wp\/v2\/speakers"}],"about":[{"href":"https:\/\/sutusummit.com\/es\/wp-json\/wp\/v2\/types\/speakers"}],"wp:featuredmedia":[{"embeddable":true,"href":"https:\/\/sutusummit.com\/es\/wp-json\/wp\/v2\/media\/6774"}],"wp:attachment":[{"href":"https:\/\/sutusummit.com\/es\/wp-json\/wp\/v2\/media?parent=6775"}],"wp:term":[{"taxonomy":"edition","embeddable":true,"href":"https:\/\/sutusummit.com\/es\/wp-json\/wp\/v2\/edition?post=6775"}],"curies":[{"name":"wp","href":"https:\/\/api.w.org\/{rel}","templated":true}]}}

CARMEN GARCÍA ROGER

<p><span style="font-weight: 400;">Carmen García Roger (Valencia 1975) es licenciada en Ciencias Matemáticas por la Universidad Complutense de Madrid, en la especialidad de Astronomía Mecánica Celeste y Geodesia. Accedió por oposición al Cuerpo Superior de Sistemas y Tecnologías de la Administración de la Seguridad Social ingresando con el número 1 de oposición. Posee el Executive Master en Gestión Pública por el IE Business School, y participó en la Universidad de Harvard en el Creating Public Value. Como puede observarse, aunque su formación académica es eminentemente técnica, siempre ha sentido una gran inclinación por la Filosofía y Literatura, tanto española como inglesa. Compagina su actividad como escritora con su actividad profesional, como funcionaria directiva de las tecnologías de la información y las comunicaciones en el sector público. Ejerce como Subdirectora en el Ministerio de Hacienda y Función Pública, y es especialista en innovación y transformación digital. Fue seleccionada entre 23,500 aspirantes, por la Agencia Espacial Europea, para formarse como posible astronauta con discapacidad y cumplir uno de sus grandes sueños, viajar al espacio. Ha publicado el libro Fuerte, que se entere el mundo. Cómo vivir con dolor crónico&#8230;¡Y vivir feliz! y su última novela Yo deseo, yo olvido. A raíz de sus libros, descubrió su pasión por escribir.</span></p>

<!-- This site is optimized with the Yoast SEO plugin v27.5 - https://yoast.com/product/yoast-seo-wordpress/ -->
<title>CARMEN GARCÍA ROGER - SUTUS</title>
<meta name="description" content="CARMEN GARCÍA ROGER, Subdirectora de Estadística de Servicios de la Inspección General de Economía y Hacienda del Ministerio de Hacienda y Función Pública." />
<meta name="robots" content="index, follow, max-snippet:-1, max-image-preview:large, max-video-preview:-1" />
<link rel="canonical" href="https://sutusummit.com/es/speakers/carmen-garcia-roger/" />
<meta property="og:locale" content="es_ES" />
<meta property="og:type" content="article" />
<meta property="og:title" content="CARMEN GARCÍA ROGER - SUTUS" />
<meta property="og:description" content="CARMEN GARCÍA ROGER, Subdirectora de Estadística de Servicios de la Inspección General de Economía y Hacienda del Ministerio de Hacienda y Función Pública." />
<meta property="og:url" content="https://sutusummit.com/es/speakers/carmen-garcia-roger/" />
<meta property="og:site_name" content="SUTUS" />
<meta property="article:modified_time" content="2022-07-04T15:10:44+00:00" />
<meta property="og:image" content="https://sutusummit.com/web/wp-content/uploads/2022/06/Diseno-sin-titulo-7.jpg" />
	<meta property="og:image:width" content="321" />
	<meta property="og:image:height" content="398" />
	<meta property="og:image:type" content="image/jpeg" />
<meta name="twitter:card" content="summary_large_image" />
<meta name="twitter:label1" content="Tiempo de lectura" />
	<meta name="twitter:data1" content="1 minuto" />
<script type="application/ld+json" class="yoast-schema-graph">{"@context":"https:\/\/schema.org","@graph":[{"@type":"WebPage","@id":"https:\/\/sutusummit.com\/es\/speakers\/carmen-garcia-roger\/","url":"https:\/\/sutusummit.com\/es\/speakers\/carmen-garcia-roger\/","name":"CARMEN GARCÍA ROGER - SUTUS","isPartOf":{"@id":"https:\/\/sutusummit.com\/#website"},"primaryImageOfPage":{"@id":"https:\/\/sutusummit.com\/es\/speakers\/carmen-garcia-roger\/#primaryimage"},"image":{"@id":"https:\/\/sutusummit.com\/es\/speakers\/carmen-garcia-roger\/#primaryimage"},"thumbnailUrl":"https:\/\/sutusummit.com\/web\/wp-content\/uploads\/2022\/06\/Diseno-sin-titulo-7.jpg","datePublished":"2022-06-30T15:08:37+00:00","dateModified":"2022-07-04T15:10:44+00:00","description":"CARMEN GARCÍA ROGER, Subdirectora de Estadística de Servicios de la Inspección General de Economía y Hacienda del Ministerio de Hacienda y Función Pública.","breadcrumb":{"@id":"https:\/\/sutusummit.com\/es\/speakers\/carmen-garcia-roger\/#breadcrumb"},"inLanguage":"es","potentialAction":[{"@type":"ReadAction","target":["https:\/\/sutusummit.com\/es\/speakers\/carmen-garcia-roger\/"]}]},{"@type":"ImageObject","inLanguage":"es","@id":"https:\/\/sutusummit.com\/es\/speakers\/carmen-garcia-roger\/#primaryimage","url":"https:\/\/sutusummit.com\/web\/wp-content\/uploads\/2022\/06\/Diseno-sin-titulo-7.jpg","contentUrl":"https:\/\/sutusummit.com\/web\/wp-content\/uploads\/2022\/06\/Diseno-sin-titulo-7.jpg","width":321,"height":398},{"@type":"BreadcrumbList","@id":"https:\/\/sutusummit.com\/es\/speakers\/carmen-garcia-roger\/#breadcrumb","itemListElement":[{"@type":"ListItem","position":1,"name":"Portada","item":"https:\/\/sutusummit.com\/es\/"},{"@type":"ListItem","position":2,"name":"CARMEN GARCÍA ROGER"}]},{"@type":"WebSite","@id":"https:\/\/sutusummit.com\/#website","url":"https:\/\/sutusummit.com\/","name":"SUTUS","description":"Space &amp; Underwater Tourism Universal Summit","publisher":{"@id":"https:\/\/sutusummit.com\/#organization"},"potentialAction":[{"@type":"SearchAction","target":{"@type":"EntryPoint","urlTemplate":"https:\/\/sutusummit.com\/?s={search_term_string}"},"query-input":{"@type":"PropertyValueSpecification","valueRequired":true,"valueName":"search_term_string"}}],"inLanguage":"es"},{"@type":"Organization","@id":"https:\/\/sutusummit.com\/#organization","name":"SUTUS","url":"https:\/\/sutusummit.com\/","logo":{"@type":"ImageObject","inLanguage":"es","@id":"https:\/\/sutusummit.com\/#\/schema\/logo\/image\/","url":"https:\/\/sutusummit.com\/web\/wp-content\/uploads\/2019\/01\/sutuscolor.png","contentUrl":"https:\/\/sutusummit.com\/web\/wp-content\/uploads\/2019\/01\/sutuscolor.png","width":268,"height":85,"caption":"SUTUS"},"image":{"@id":"https:\/\/sutusummit.com\/#\/schema\/logo\/image\/"}}]}</script>
<!-- / Yoast SEO plugin. -->

CARMEN GARCÍA ROGER - SUTUS

CARMEN GARCÍA ROGER, Subdirectora de Estadística de Servicios de la Inspección General de Economía y Hacienda del Ministerio de Hacienda y Función Pública.
