{"id":7555,"date":"2022-09-09T10:32:28","date_gmt":"2022-09-09T10:32:28","guid":{"rendered":"https:\/\/sutusummit.com\/?post_type=speakers&#038;p=7555"},"modified":"2022-09-09T10:32:28","modified_gmt":"2022-09-09T10:32:28","slug":"jason-decaires-taylor","status":"publish","type":"speakers","link":"https:\/\/sutusummit.com\/es\/speakers\/jason-decaires-taylor\/","title":{"rendered":"Jason deCaires Taylor"},"content":{"rendered":"<p><span style=\"font-weight: 400;\">Jason deCaires Taylor MRSS, nacido en 1974 de padre ingl\u00e9s y madre guyanesa, es escultor, <\/span><span style=\"font-weight: 400;\">ecologista y fot\u00f3grafo submarino profesional. Se gradu\u00f3 del Instituto de Artes de Londres en 1998 con una licenciatura con honores en Escultura. Taylor se convirti\u00f3 en el primero de una nueva generaci\u00f3n de artistas en trasladar los conceptos del movimiento Land art al \u00e1mbito del entorno marino.<\/span><\/p>\n<p><span style=\"font-weight: 400;\">Sus obras escult\u00f3ricas permanentes espec\u00edficas del sitio se exhiben predominantemente en ambientes marinos sumergidos y de marea, explorando temas modernos de conservaci\u00f3n y activismo ambiental. Durante los \u00faltimos 16 a\u00f1os, Taylor ha sido uno de los primeros en considerar el \u00e1mbito submarino como un espacio de arte p\u00fablico y es m\u00e1s conocido por sus numerosos \u00abmuseos\u00bb y \u00abparques de esculturas\u00bb submarinos a gran escala. Taylor obtuvo reconocimiento internacional en 2006 con la creaci\u00f3n del primer parque de esculturas submarinas del mundo, situado frente a la costa oeste de Granada, en las Indias Occidentales. El parque de esculturas submarinas de la bah\u00eda de Moilinere ahora figura como una de las 25 mejores maravillas del mundo por National Geographic. El parque fue fundamental para que el gobierno declarara el sitio como \u00c1rea Marina Nacional Protegida. Taylor ha producido m\u00e1s de 1100 esculturas terrestres y subacu\u00e1ticas p\u00fablicas en todo el mundo, que son visitadas por miles de visitantes cada semana.<\/span><\/p>\n<p><span style=\"font-weight: 400;\">Otros proyectos importantes incluyen MUSA (M\u00e9xico), Ocean Atlas (Bahamas), Museo Atl\u00e1ntico (Espa\u00f1a), The Rising Tide (Reino Unido), Nest (Indonesia), Nexus (Noruega), Coralarium (Maldivas), Ocean Siren (Australia) The Coral Greenhouse (Australia), Cannes Underwater Museum (Francia) y MUSAN (Chipre).<\/span><\/p>\n<p><span style=\"font-weight: 400;\">Las obras se construyen con materiales de pH neutro y sensibles al medio ambiente para instigar el crecimiento natural y los cambios posteriores destinados a explorar la est\u00e9tica de la decadencia, el renacimiento y la metamorfosis.<\/span><\/p>\n<p><span style=\"font-weight: 400;\">Los proyectos de arte p\u00fablico pioneros de Taylor no son solo ejemplos de conservaci\u00f3n marina exitosa, sino obras de arte que buscan fomentar la conciencia ambiental y llevarnos a apreciar la impresionante belleza natural del mundo submarino.<\/span><\/p>\n<p><span style=\"font-weight: 400;\">Ha recibido numerosos premios de escultura y fotograf\u00eda, es miembro de The Royal Society of <\/span><span style=\"font-weight: 400;\">Sculptors, Ocean Ambassador de DAN (Divers Alert Network), Ocean Exemplar del World Ocean Observatory y orador destacado de TED. Taylor ha sido reconocida tanto por su creatividad como por su liderazgo inspirador en los \u00faltimos a\u00f1os por Fast Company y Global Leaders Today. Taylor recibi\u00f3 el premio The Global Thinker Award de Foreign Policy y fue descrito como el Jacques Cousteau del mundo del arte.<\/span><\/p>\n","protected":false},"featured_media":7556,"template":"","edition":[142],"class_list":["post-7555","speakers","type-speakers","status-publish","has-post-thumbnail","hentry","edition-2022-es"],"acf":[],"yoast_head":"<!-- This site is optimized with the Yoast SEO plugin v27.5 - https:\/\/yoast.com\/product\/yoast-seo-wordpress\/ -->\n<title>Jason deCaires Taylor - SUTUS<\/title>\n<meta name=\"description\" content=\"Jason deCaires Taylor MRSS, nacido en 1974 de padre ingl\u00e9s y madre guyanesa, es escultor, ecologista y fot\u00f3grafo submarino profesional.\" \/>\n<meta name=\"robots\" content=\"index, follow, max-snippet:-1, max-image-preview:large, max-video-preview:-1\" \/>\n<link rel=\"canonical\" href=\"https:\/\/sutusummit.com\/es\/speakers\/jason-decaires-taylor\/\" \/>\n<meta property=\"og:locale\" content=\"es_ES\" \/>\n<meta property=\"og:type\" content=\"article\" \/>\n<meta property=\"og:title\" content=\"Jason deCaires Taylor - SUTUS\" \/>\n<meta property=\"og:description\" content=\"Jason deCaires Taylor MRSS, nacido en 1974 de padre ingl\u00e9s y madre guyanesa, es escultor, ecologista y fot\u00f3grafo submarino profesional.\" \/>\n<meta property=\"og:url\" content=\"https:\/\/sutusummit.com\/es\/speakers\/jason-decaires-taylor\/\" \/>\n<meta property=\"og:site_name\" content=\"SUTUS\" \/>\n<meta property=\"og:image\" content=\"https:\/\/sutusummit.com\/web\/wp-content\/uploads\/2022\/09\/Jason_deCaires_Taylor_sculpture-0143-scaled.jpg\" \/>\n\t<meta property=\"og:image:width\" content=\"2560\" \/>\n\t<meta property=\"og:image:height\" content=\"1920\" \/>\n\t<meta property=\"og:image:type\" content=\"image\/jpeg\" \/>\n<meta name=\"twitter:card\" content=\"summary_large_image\" \/>\n<meta name=\"twitter:label1\" content=\"Tiempo de lectura\" \/>\n\t<meta name=\"twitter:data1\" content=\"2 minutos\" \/>\n<script type=\"application\/ld+json\" class=\"yoast-schema-graph\">{\"@context\":\"https:\\\/\\\/schema.org\",\"@graph\":[{\"@type\":\"WebPage\",\"@id\":\"https:\\\/\\\/sutusummit.com\\\/es\\\/speakers\\\/jason-decaires-taylor\\\/\",\"url\":\"https:\\\/\\\/sutusummit.com\\\/es\\\/speakers\\\/jason-decaires-taylor\\\/\",\"name\":\"Jason deCaires Taylor - SUTUS\",\"isPartOf\":{\"@id\":\"https:\\\/\\\/sutusummit.com\\\/#website\"},\"primaryImageOfPage\":{\"@id\":\"https:\\\/\\\/sutusummit.com\\\/es\\\/speakers\\\/jason-decaires-taylor\\\/#primaryimage\"},\"image\":{\"@id\":\"https:\\\/\\\/sutusummit.com\\\/es\\\/speakers\\\/jason-decaires-taylor\\\/#primaryimage\"},\"thumbnailUrl\":\"https:\\\/\\\/sutusummit.com\\\/web\\\/wp-content\\\/uploads\\\/2022\\\/09\\\/Jason_deCaires_Taylor_sculpture-0143-scaled.jpg\",\"datePublished\":\"2022-09-09T10:32:28+00:00\",\"description\":\"Jason deCaires Taylor MRSS, nacido en 1974 de padre ingl\u00e9s y madre guyanesa, es escultor, ecologista y fot\u00f3grafo submarino profesional.\",\"breadcrumb\":{\"@id\":\"https:\\\/\\\/sutusummit.com\\\/es\\\/speakers\\\/jason-decaires-taylor\\\/#breadcrumb\"},\"inLanguage\":\"es\",\"potentialAction\":[{\"@type\":\"ReadAction\",\"target\":[\"https:\\\/\\\/sutusummit.com\\\/es\\\/speakers\\\/jason-decaires-taylor\\\/\"]}]},{\"@type\":\"ImageObject\",\"inLanguage\":\"es\",\"@id\":\"https:\\\/\\\/sutusummit.com\\\/es\\\/speakers\\\/jason-decaires-taylor\\\/#primaryimage\",\"url\":\"https:\\\/\\\/sutusummit.com\\\/web\\\/wp-content\\\/uploads\\\/2022\\\/09\\\/Jason_deCaires_Taylor_sculpture-0143-scaled.jpg\",\"contentUrl\":\"https:\\\/\\\/sutusummit.com\\\/web\\\/wp-content\\\/uploads\\\/2022\\\/09\\\/Jason_deCaires_Taylor_sculpture-0143-scaled.jpg\",\"width\":2560,\"height\":1920,\"caption\":\"Jason deCaires\"},{\"@type\":\"BreadcrumbList\",\"@id\":\"https:\\\/\\\/sutusummit.com\\\/es\\\/speakers\\\/jason-decaires-taylor\\\/#breadcrumb\",\"itemListElement\":[{\"@type\":\"ListItem\",\"position\":1,\"name\":\"Portada\",\"item\":\"https:\\\/\\\/sutusummit.com\\\/es\\\/\"},{\"@type\":\"ListItem\",\"position\":2,\"name\":\"Jason deCaires Taylor\"}]},{\"@type\":\"WebSite\",\"@id\":\"https:\\\/\\\/sutusummit.com\\\/#website\",\"url\":\"https:\\\/\\\/sutusummit.com\\\/\",\"name\":\"SUTUS\",\"description\":\"Space &amp; Underwater Tourism Universal Summit\",\"publisher\":{\"@id\":\"https:\\\/\\\/sutusummit.com\\\/#organization\"},\"potentialAction\":[{\"@type\":\"SearchAction\",\"target\":{\"@type\":\"EntryPoint\",\"urlTemplate\":\"https:\\\/\\\/sutusummit.com\\\/?s={search_term_string}\"},\"query-input\":{\"@type\":\"PropertyValueSpecification\",\"valueRequired\":true,\"valueName\":\"search_term_string\"}}],\"inLanguage\":\"es\"},{\"@type\":\"Organization\",\"@id\":\"https:\\\/\\\/sutusummit.com\\\/#organization\",\"name\":\"SUTUS\",\"url\":\"https:\\\/\\\/sutusummit.com\\\/\",\"logo\":{\"@type\":\"ImageObject\",\"inLanguage\":\"es\",\"@id\":\"https:\\\/\\\/sutusummit.com\\\/#\\\/schema\\\/logo\\\/image\\\/\",\"url\":\"https:\\\/\\\/sutusummit.com\\\/web\\\/wp-content\\\/uploads\\\/2019\\\/01\\\/sutuscolor.png\",\"contentUrl\":\"https:\\\/\\\/sutusummit.com\\\/web\\\/wp-content\\\/uploads\\\/2019\\\/01\\\/sutuscolor.png\",\"width\":268,\"height\":85,\"caption\":\"SUTUS\"},\"image\":{\"@id\":\"https:\\\/\\\/sutusummit.com\\\/#\\\/schema\\\/logo\\\/image\\\/\"}}]}<\/script>\n<!-- \/ Yoast SEO plugin. -->","yoast_head_json":{"title":"Jason deCaires Taylor - SUTUS","description":"Jason deCaires Taylor MRSS, nacido en 1974 de padre ingl\u00e9s y madre guyanesa, es escultor, ecologista y fot\u00f3grafo submarino profesional.","robots":{"index":"index","follow":"follow","max-snippet":"max-snippet:-1","max-image-preview":"max-image-preview:large","max-video-preview":"max-video-preview:-1"},"canonical":"https:\/\/sutusummit.com\/es\/speakers\/jason-decaires-taylor\/","og_locale":"es_ES","og_type":"article","og_title":"Jason deCaires Taylor - SUTUS","og_description":"Jason deCaires Taylor MRSS, nacido en 1974 de padre ingl\u00e9s y madre guyanesa, es escultor, ecologista y fot\u00f3grafo submarino profesional.","og_url":"https:\/\/sutusummit.com\/es\/speakers\/jason-decaires-taylor\/","og_site_name":"SUTUS","og_image":[{"width":2560,"height":1920,"url":"https:\/\/sutusummit.com\/web\/wp-content\/uploads\/2022\/09\/Jason_deCaires_Taylor_sculpture-0143-scaled.jpg","type":"image\/jpeg"}],"twitter_card":"summary_large_image","twitter_misc":{"Tiempo de lectura":"2 minutos"},"schema":{"@context":"https:\/\/schema.org","@graph":[{"@type":"WebPage","@id":"https:\/\/sutusummit.com\/es\/speakers\/jason-decaires-taylor\/","url":"https:\/\/sutusummit.com\/es\/speakers\/jason-decaires-taylor\/","name":"Jason deCaires Taylor - SUTUS","isPartOf":{"@id":"https:\/\/sutusummit.com\/#website"},"primaryImageOfPage":{"@id":"https:\/\/sutusummit.com\/es\/speakers\/jason-decaires-taylor\/#primaryimage"},"image":{"@id":"https:\/\/sutusummit.com\/es\/speakers\/jason-decaires-taylor\/#primaryimage"},"thumbnailUrl":"https:\/\/sutusummit.com\/web\/wp-content\/uploads\/2022\/09\/Jason_deCaires_Taylor_sculpture-0143-scaled.jpg","datePublished":"2022-09-09T10:32:28+00:00","description":"Jason deCaires Taylor MRSS, nacido en 1974 de padre ingl\u00e9s y madre guyanesa, es escultor, ecologista y fot\u00f3grafo submarino profesional.","breadcrumb":{"@id":"https:\/\/sutusummit.com\/es\/speakers\/jason-decaires-taylor\/#breadcrumb"},"inLanguage":"es","potentialAction":[{"@type":"ReadAction","target":["https:\/\/sutusummit.com\/es\/speakers\/jason-decaires-taylor\/"]}]},{"@type":"ImageObject","inLanguage":"es","@id":"https:\/\/sutusummit.com\/es\/speakers\/jason-decaires-taylor\/#primaryimage","url":"https:\/\/sutusummit.com\/web\/wp-content\/uploads\/2022\/09\/Jason_deCaires_Taylor_sculpture-0143-scaled.jpg","contentUrl":"https:\/\/sutusummit.com\/web\/wp-content\/uploads\/2022\/09\/Jason_deCaires_Taylor_sculpture-0143-scaled.jpg","width":2560,"height":1920,"caption":"Jason deCaires"},{"@type":"BreadcrumbList","@id":"https:\/\/sutusummit.com\/es\/speakers\/jason-decaires-taylor\/#breadcrumb","itemListElement":[{"@type":"ListItem","position":1,"name":"Portada","item":"https:\/\/sutusummit.com\/es\/"},{"@type":"ListItem","position":2,"name":"Jason deCaires Taylor"}]},{"@type":"WebSite","@id":"https:\/\/sutusummit.com\/#website","url":"https:\/\/sutusummit.com\/","name":"SUTUS","description":"Space &amp; Underwater Tourism Universal Summit","publisher":{"@id":"https:\/\/sutusummit.com\/#organization"},"potentialAction":[{"@type":"SearchAction","target":{"@type":"EntryPoint","urlTemplate":"https:\/\/sutusummit.com\/?s={search_term_string}"},"query-input":{"@type":"PropertyValueSpecification","valueRequired":true,"valueName":"search_term_string"}}],"inLanguage":"es"},{"@type":"Organization","@id":"https:\/\/sutusummit.com\/#organization","name":"SUTUS","url":"https:\/\/sutusummit.com\/","logo":{"@type":"ImageObject","inLanguage":"es","@id":"https:\/\/sutusummit.com\/#\/schema\/logo\/image\/","url":"https:\/\/sutusummit.com\/web\/wp-content\/uploads\/2019\/01\/sutuscolor.png","contentUrl":"https:\/\/sutusummit.com\/web\/wp-content\/uploads\/2019\/01\/sutuscolor.png","width":268,"height":85,"caption":"SUTUS"},"image":{"@id":"https:\/\/sutusummit.com\/#\/schema\/logo\/image\/"}}]}},"_links":{"self":[{"href":"https:\/\/sutusummit.com\/es\/wp-json\/wp\/v2\/speakers\/7555","targetHints":{"allow":["GET"]}}],"collection":[{"href":"https:\/\/sutusummit.com\/es\/wp-json\/wp\/v2\/speakers"}],"about":[{"href":"https:\/\/sutusummit.com\/es\/wp-json\/wp\/v2\/types\/speakers"}],"wp:featuredmedia":[{"embeddable":true,"href":"https:\/\/sutusummit.com\/es\/wp-json\/wp\/v2\/media\/7556"}],"wp:attachment":[{"href":"https:\/\/sutusummit.com\/es\/wp-json\/wp\/v2\/media?parent=7555"}],"wp:term":[{"taxonomy":"edition","embeddable":true,"href":"https:\/\/sutusummit.com\/es\/wp-json\/wp\/v2\/edition?post=7555"}],"curies":[{"name":"wp","href":"https:\/\/api.w.org\/{rel}","templated":true}]}}

<p><span style="font-weight: 400;">Jason deCaires Taylor MRSS, nacido en 1974 de padre inglés y madre guyanesa, es escultor, </span><span style="font-weight: 400;">ecologista y fotógrafo submarino profesional. Se graduó del Instituto de Artes de Londres en 1998 con una licenciatura con honores en Escultura. Taylor se convirtió en el primero de una nueva generación de artistas en trasladar los conceptos del movimiento Land art al ámbito del entorno marino.</span></p>
<p><span style="font-weight: 400;">Sus obras escultóricas permanentes específicas del sitio se exhiben predominantemente en ambientes marinos sumergidos y de marea, explorando temas modernos de conservación y activismo ambiental. Durante los últimos 16 años, Taylor ha sido uno de los primeros en considerar el ámbito submarino como un espacio de arte público y es más conocido por sus numerosos «museos» y «parques de esculturas» submarinos a gran escala. Taylor obtuvo reconocimiento internacional en 2006 con la creación del primer parque de esculturas submarinas del mundo, situado frente a la costa oeste de Granada, en las Indias Occidentales. El parque de esculturas submarinas de la bahía de Moilinere ahora figura como una de las 25 mejores maravillas del mundo por National Geographic. El parque fue fundamental para que el gobierno declarara el sitio como Área Marina Nacional Protegida. Taylor ha producido más de 1100 esculturas terrestres y subacuáticas públicas en todo el mundo, que son visitadas por miles de visitantes cada semana.</span></p>
<p><span style="font-weight: 400;">Otros proyectos importantes incluyen MUSA (México), Ocean Atlas (Bahamas), Museo Atlántico (España), The Rising Tide (Reino Unido), Nest (Indonesia), Nexus (Noruega), Coralarium (Maldivas), Ocean Siren (Australia) The Coral Greenhouse (Australia), Cannes Underwater Museum (Francia) y MUSAN (Chipre).</span></p>
<p><span style="font-weight: 400;">Las obras se construyen con materiales de pH neutro y sensibles al medio ambiente para instigar el crecimiento natural y los cambios posteriores destinados a explorar la estética de la decadencia, el renacimiento y la metamorfosis.</span></p>
<p><span style="font-weight: 400;">Los proyectos de arte público pioneros de Taylor no son solo ejemplos de conservación marina exitosa, sino obras de arte que buscan fomentar la conciencia ambiental y llevarnos a apreciar la impresionante belleza natural del mundo submarino.</span></p>
<p><span style="font-weight: 400;">Ha recibido numerosos premios de escultura y fotografía, es miembro de The Royal Society of </span><span style="font-weight: 400;">Sculptors, Ocean Ambassador de DAN (Divers Alert Network), Ocean Exemplar del World Ocean Observatory y orador destacado de TED. Taylor ha sido reconocida tanto por su creatividad como por su liderazgo inspirador en los últimos años por Fast Company y Global Leaders Today. Taylor recibió el premio The Global Thinker Award de Foreign Policy y fue descrito como el Jacques Cousteau del mundo del arte.</span></p>

<!-- This site is optimized with the Yoast SEO plugin v27.5 - https://yoast.com/product/yoast-seo-wordpress/ -->
<title>Jason deCaires Taylor - SUTUS</title>
<meta name="description" content="Jason deCaires Taylor MRSS, nacido en 1974 de padre inglés y madre guyanesa, es escultor, ecologista y fotógrafo submarino profesional." />
<meta name="robots" content="index, follow, max-snippet:-1, max-image-preview:large, max-video-preview:-1" />
<link rel="canonical" href="https://sutusummit.com/es/speakers/jason-decaires-taylor/" />
<meta property="og:locale" content="es_ES" />
<meta property="og:type" content="article" />
<meta property="og:title" content="Jason deCaires Taylor - SUTUS" />
<meta property="og:description" content="Jason deCaires Taylor MRSS, nacido en 1974 de padre inglés y madre guyanesa, es escultor, ecologista y fotógrafo submarino profesional." />
<meta property="og:url" content="https://sutusummit.com/es/speakers/jason-decaires-taylor/" />
<meta property="og:site_name" content="SUTUS" />
<meta property="og:image" content="https://sutusummit.com/web/wp-content/uploads/2022/09/Jason_deCaires_Taylor_sculpture-0143-scaled.jpg" />
	<meta property="og:image:width" content="2560" />
	<meta property="og:image:height" content="1920" />
	<meta property="og:image:type" content="image/jpeg" />
<meta name="twitter:card" content="summary_large_image" />
<meta name="twitter:label1" content="Tiempo de lectura" />
	<meta name="twitter:data1" content="2 minutos" />
<script type="application/ld+json" class="yoast-schema-graph">{"@context":"https:\/\/schema.org","@graph":[{"@type":"WebPage","@id":"https:\/\/sutusummit.com\/es\/speakers\/jason-decaires-taylor\/","url":"https:\/\/sutusummit.com\/es\/speakers\/jason-decaires-taylor\/","name":"Jason deCaires Taylor - SUTUS","isPartOf":{"@id":"https:\/\/sutusummit.com\/#website"},"primaryImageOfPage":{"@id":"https:\/\/sutusummit.com\/es\/speakers\/jason-decaires-taylor\/#primaryimage"},"image":{"@id":"https:\/\/sutusummit.com\/es\/speakers\/jason-decaires-taylor\/#primaryimage"},"thumbnailUrl":"https:\/\/sutusummit.com\/web\/wp-content\/uploads\/2022\/09\/Jason_deCaires_Taylor_sculpture-0143-scaled.jpg","datePublished":"2022-09-09T10:32:28+00:00","description":"Jason deCaires Taylor MRSS, nacido en 1974 de padre inglés y madre guyanesa, es escultor, ecologista y fotógrafo submarino profesional.","breadcrumb":{"@id":"https:\/\/sutusummit.com\/es\/speakers\/jason-decaires-taylor\/#breadcrumb"},"inLanguage":"es","potentialAction":[{"@type":"ReadAction","target":["https:\/\/sutusummit.com\/es\/speakers\/jason-decaires-taylor\/"]}]},{"@type":"ImageObject","inLanguage":"es","@id":"https:\/\/sutusummit.com\/es\/speakers\/jason-decaires-taylor\/#primaryimage","url":"https:\/\/sutusummit.com\/web\/wp-content\/uploads\/2022\/09\/Jason_deCaires_Taylor_sculpture-0143-scaled.jpg","contentUrl":"https:\/\/sutusummit.com\/web\/wp-content\/uploads\/2022\/09\/Jason_deCaires_Taylor_sculpture-0143-scaled.jpg","width":2560,"height":1920,"caption":"Jason deCaires"},{"@type":"BreadcrumbList","@id":"https:\/\/sutusummit.com\/es\/speakers\/jason-decaires-taylor\/#breadcrumb","itemListElement":[{"@type":"ListItem","position":1,"name":"Portada","item":"https:\/\/sutusummit.com\/es\/"},{"@type":"ListItem","position":2,"name":"Jason deCaires Taylor"}]},{"@type":"WebSite","@id":"https:\/\/sutusummit.com\/#website","url":"https:\/\/sutusummit.com\/","name":"SUTUS","description":"Space &amp; Underwater Tourism Universal Summit","publisher":{"@id":"https:\/\/sutusummit.com\/#organization"},"potentialAction":[{"@type":"SearchAction","target":{"@type":"EntryPoint","urlTemplate":"https:\/\/sutusummit.com\/?s={search_term_string}"},"query-input":{"@type":"PropertyValueSpecification","valueRequired":true,"valueName":"search_term_string"}}],"inLanguage":"es"},{"@type":"Organization","@id":"https:\/\/sutusummit.com\/#organization","name":"SUTUS","url":"https:\/\/sutusummit.com\/","logo":{"@type":"ImageObject","inLanguage":"es","@id":"https:\/\/sutusummit.com\/#\/schema\/logo\/image\/","url":"https:\/\/sutusummit.com\/web\/wp-content\/uploads\/2019\/01\/sutuscolor.png","contentUrl":"https:\/\/sutusummit.com\/web\/wp-content\/uploads\/2019\/01\/sutuscolor.png","width":268,"height":85,"caption":"SUTUS"},"image":{"@id":"https:\/\/sutusummit.com\/#\/schema\/logo\/image\/"}}]}</script>
<!-- / Yoast SEO plugin. -->

Jason deCaires Taylor MRSS, nacido en 1974 de padre inglés y madre guyanesa, es escultor, ecologista y fotógrafo submarino profesional.
